Let b be (-2)/((-24)/(-30))*2/(-1). Suppose o - w - 1 = 0, -4*w - 20 = w. Let g be 1/((-9)/15)*o. Calculate the highest common factor of g and b.
5
Suppose -119*o + 105*o = -784. What is the highest common divisor of 952 and o?
56
Suppose -2*k - n - 495 = 0, 0 = 4*k - 0*n + n + 991. Let i be k/(-14) - 4/(-14). Suppose 10*m + 1561 - 2281 = 0. What is the greatest common divisor of i and m?
18
Let d(a) = -2*a**2 + 3*a + 32. Let t be d(0). Let n = 267 - 139. Calculate the highest common factor of t and n.
32
Suppose i + 48 = 13*i. Suppose v = 3*v - n - 33, 0 = i*v + 3*n - 91. Let g(w) = -w**3 - 4*w - 1. Let u be g(-3). What is the greatest common factor of u and v?
19
Suppose -7*j - 78 = -1. Let a be 398/11 + 2/j. Calculate the greatest common divisor of 24 and a.
12
Let d = 166 - 132. What is the highest common divisor of d and 2?
2
Let c(j) = j**2 + 20. Let o be c(0). Let a(u) = u**3 + 5*u**2 - 7*u + 4. Let x be a(-6). Let q be (0 - x/4)*-20. What is the greatest common factor of q and o?
10
Let p(x) = 21*x**2 + x. Let t be p(-1). Let s = -110 + 56. Let j = -46 - s. Calculate the greatest common factor of t and j.
4
Suppose 2*q - w = q + 10, 2*w = -4*q + 10. Suppose q*m + 4*b - 175 = 0, 7*m + b = 3*m + 140. Let h = -20 + m. Calculate the greatest common factor of h and 10.
5
Let x be 188/12 + (-2)/3. Let v(d) = -d**3 - 22*d**2 - 129*d - 16. Let j be v(-8). What is the highest common divisor of x and j?
15
Let a be 3 + (-3)/(9/15). Let b(v) = -62*v + 8. Let i be b(a). Calculate the greatest common divisor of 22 and i.
22
Let m(x) = 4*x + 24. Let j(w) = -8*w - 46. Let o(u) = -6*j(u) - 11*m(u). Let p be o(4). Calculate the highest common divisor of 70 and p.
14
Suppose 3*l = -b + 59, -212 = -2*b - 2*b - 4*l. Calculate the highest common factor of 275 and b.
25
Let h be -7 + (15 - (-3 - 3)). What is the highest common factor of h and 91?
7
Let j(n) = -1. Let m(d) = -6*d - 21. Let a(v) = 6*j(v) + m(v). Let s be a(-6). What is the highest common factor of s and 18?
9
Let a(p) = 6*p + 3. Let k be 8/(-6)*12/(-8). Let i be 4/1 - (-1 + k). Let u be a(i). What is the greatest common factor of u and 42?
21
Let g be (6/(-4))/(3/(-8)). Suppose -3*f + 9 = 0, 12 = -3*c - g*f + 105. Calculate the highest common factor of 27 and c.
27
Let o(l) = -l + 28. Let s be o(13). Suppose 5*n - s = 60. What is the highest common factor of 90 and n?
15
Let z = -222 - -277. Let m(o) = 5*o**2 - 1. Let f be m(-3). Suppose -3*v = v - f. Calculate the highest common factor of z and v.
11
Suppose -3*n + 1138 = f + 3*f, 2*n + 5*f - 761 = 0. Calculate the greatest common divisor of n and 27.
27
Let b(q) = 12*q**2 + 6*q + 4. Let c be b(-2). Suppose l + 2*l = -3*r + 24, -3*r + l = -c. Suppose 9 = 4*j - 3. Calculate the highest common factor of j and r.
3
Let r be (1*-1)/((148/(-96))/37). Calculate the greatest common factor of r and 48.
24
Let l be (-663)/(-12) + 6/8. Let g = -14 + l. Let w = 12 + g. What is the greatest common factor of w and 6?
6
Suppose -4*z + 20 = 2*q, 0 = -q - 4*q - 2*z + 18. Suppose -a + 0*a = q*w - 13, -4*a = -2*w - 2. What is the highest common divisor of a and 27?
3
Suppose 0 = 2*r + r - 39. Suppose 2*b = -8*o + 6*o + 114, -129 = -2*o - 5*b. Calculate the highest common factor of o and r.
13
Let u(b) = -27*b**3 - 3*b**2 - 5*b - 3. Let k be u(-1). Let h(a) = a**3 + 8*a**2 + 6*a + 7. Let j be h(-5). What is the greatest common divisor of j and k?
26
Suppose 17 = m + 12. Suppose -m*d - 2*n = -57 - 51, 5*d - 109 = -n. What is the greatest common factor of 55 and d?
11
Suppose -19*i = p - 18*i - 151, 4 = -2*i. Let y be 166/10 - 2/(-5). Calculate the greatest common divisor of y and p.
17
Let z(q) = -q**2 + 5*q - 3. Let w be z(3). Let t be 1 + (12/w)/4. Let f be 2 + -6 + 3 + t. Calculate the highest common divisor of 9 and f.
1
Let q = 2269 - 1211. What is the greatest common divisor of 46 and q?
46
Let n = 27 - 24. Let g be 0 - -21 - (-42 + 48). Calculate the highest common divisor of g and n.
3
Suppose -6*x + 43 + 173 = 0. Calculate the greatest common divisor of x and 90.
18
Let l be (-35)/(-2) + 5/(-10). Let b = 1 + l. Let j(n) = 6*n**3 - 5*n**2 + 18*n - 13. Let p be j(1). What is the highest common factor of p and b?
6
Suppose -b + 91 = x - 4*b, 4*b = -4*x + 284. What is the greatest common factor of 57 and x?
19
Let f(d) = -d**2 + 6*d - 10. Let b(o) = -1. Suppose 0 - 2 = -2*y. Let s(h) = y*b(h) - f(h). Let n be s(6). Calculate the greatest common divisor of n and 63.
9
Let h be 1/(-1) + -1 + 11. Let n be (17 - 7) + (-8 - -7). Calculate the highest common divisor of n and h.
9
Let j(r) = 18*r - 8. Let t be j(4). Suppose 0 = -3*k - 2*h + 32, 2*h = -2*k + 3*k. Calculate the greatest common divisor of t and k.
8
Let i(l) = -l**2 + 17*l - 34. Let y be i(9). What is the highest common factor of y and 323?
19
Let j = 23 + -7. Let x be (-3)/(6*(-2)/j). What is the highest common factor of x and 4?
4
Suppose 2*q + r - 191 = 0, 0 = -3*q + 4*r + 158 + 101. What is the highest common factor of 31 and q?
31
Let j be 1 - -4 - (3 - 1). Suppose -2*c = c, 3*p + 3*c - 9 = 0. Let v be (40/12)/5 - (-16)/p. Calculate the greatest common divisor of j and v.
3
Let j be 1/(-2) - (-3)/2. Let k(q) = q**3 - 4*q**2 - 4*q. Let t be k(5). Suppose -28 = u - t*u. Calculate the greatest common factor of u and j.
1
Let b be (1/3)/(6/558). Let v = b + -19. Suppose 8 = 2*z + u + 4*u, 0 = 3*u. What is the greatest common factor of v and z?
4
Suppose 5*b - 6 = -1. Suppose 5*y - 5*a + 85 = 0, 20 = -y + 2*a + b. Let w = 20 + y. Calculate the highest common divisor of w and 45.
5
Let u(j) = -4*j - 7. Suppose 15 = 4*d + 39. Let o be u(d). Let l be (-427)/(-5) + (-4)/10. What is the highest common divisor of o and l?
17
Let p be (3 - (-169)/(-65)) + 4846/10. What is the highest common divisor of 15 and p?
5
Let h = -399 - -441. Calculate the greatest common factor of 378 and h.
42
Let v(p) = p + 25. Let n be v(-10). Suppose 4*z - 5*z = 0. Suppose -2*y - m + 4 = z, m = y + 6*m + 7. What is the greatest common divisor of y and n?
3
Suppose 0 = h + 3*n + 1, 68*h + 2*n = 65*h + 18. What is the greatest common divisor of h and 892?
4
Let d be -5 - (-2 - 2) - -244. What is the greatest common divisor of 81 and d?
81
Suppose 20*f + 900 = 80*f. Let d(g) = -3*g**3 - 4*g**2 - 6*g - 2. Let w be d(-4). Calculate the highest common factor of f and w.
15
Let t be (-16)/20 - -1 - (-2964)/30. What is the greatest common divisor of 22 and t?
11
Let k = 242 - 226. What is the highest common divisor of k and 236?
4
Let i(p) = 42*p - 349. Let j be i(9). What is the highest common factor of j and 725?
29
Let h(p) be the second derivative of -p**3/6 + 3*p**2 + 16*p. Let d be h(-18). Calculate the greatest common factor of d and 16.
8
Suppose -4*b + 2*s = s - 88, 3*b = -3*s + 51. Let v(p) = -37*p + 4. Let x = -2 + -3. Let g be v(x). What is the greatest common divisor of b and g?
21
Suppose -10436 - 8297 = -13*s. Calculate the highest common divisor of 11 and s.
11
Suppose 0 = 4*q + 2*q - 126. Let g(r) = -55*r**2 + 2*r + 4. Let c be g(3). Let v = -317 - c. What is the greatest common divisor of v and q?
21
Suppose 58 + 189 = -13*m. Let r = m + 44. What is the greatest common factor of 175 and r?
25
Let x(f) = f**3 + 20*f**2 - 39*f + 143. Let v be x(-22). Let p = 78 + -56. What is the highest common factor of p and v?
11
Let v(h) = h**2 - 35*h - 380. Let x be v(-38). Calculate the greatest common factor of x and 38.
38
Suppose -a + 3*d - 5 = 0, a = 5*d - 12 + 1. Let r be 1/(a/170)*(-52)/(-65). What is the highest common factor of 51 and r?
17
Let l = -14 + 19. Let d be 2/(l/((-195)/(-6))). What is the greatest common factor of d and 117?
13
Let p be (2*(-1)/3)/((-2)/111). Let g = 246 - 98. What is the greatest common divisor of p and g?
37
Let w = -6 - 12. Let m = 22 + w. What is the highest common divisor of 10 and m?
2
Suppose -5*i = 5 - 20. Suppose -70 = -5*t + 4*s, 3*t - 55 = -i*s - 13. Calculate the greatest common factor of t and 98.
14
Let j(o) = o**2 + 14*o + 7. Let z be j(-14). What is the greatest common factor of 238 and z?
7
Let u(b) = -26*b - 64. Let v(f) = 17*f + 43. Let c(r) = -5*u(r) - 8*v(r). Let w be c(-16). What is the greatest common factor of w and 8?
8
Let d be -2 + 2 + (7 - 9) + 30. What is the h